)?
-6
Let z(o) = -5*o - 291. Determine z(-60).
9
Let d(f) = 68*f - 160. Determine d(4).
112
Let w(f) = 84*f + 1352. What is w(-16)?
8
Let n(f) = -2*f**2 + 21*f + 241. Determine n(-7).
-4
Let t(u) = -16*u - 121. Give t(-15).
119
Let o(t) = -t**2 - 363*t - 31592. Calculate o(-218).
18
Let a(n) = 17*n**3 + 159*n**2 + 56*n + 13. Give a(-9).
-5
Let s(c) = -c**3 + 45*c**2 + 93*c + 150. What is s(47)?
103
Let m(q) = -q**3 + 297*q**2 - 877*q - 1449. Calculate m(294).
21
Let m(a) = -198*a + 2227. What is m(11)?
49
Let i(r) = -37*r - 3400. What is i(-97)?
189
Let k(g) = -30*g + 178. Give k(9).
-92
Let v(d) = -4*d**3 - 2*d**2 + 4*d - 43. Determine v(-5).
387
Let q(k) = 2*k**3 + 64*k**2 + 11*k + 326. What is q(-32)?
-26
Let m(r) = r**3 + 134*r**2 - r - 198. Determine m(-134).
-64
Let r(i) = -2*i**2 - 88*i + 83. Determine r(-45).
-7
Let c(b) = -56*b - 321. Calculate c(-9).
183
Let k(i) = -i**3 + 6*i**2 + 19*i. Determine k(8).
24
Let d(m) = -2*m**3 - 22*m**2 + 60*m - 10. What is d(3)?
-82
Let c(m) = -m**2 - 9*m + 1177. What is c(-39)?
7
Let n(o) = -36*o - 2424. Give n(-67).
-12
Let z(i) = -100*i**2 - 3500*i + 18. Give z(-35).
18
Let p(o) = -50*o - 285. Determine p(-6).
15
Let r(x) = 7*x**2 - 26*x + 60. Calculate r(10).
500
Let r(l) = 4*l**2 + 34*l + 27. Give r(-12).
195
Let m(h) = -2*h**3 - 86*h**2 - 84*h + 11. Determine m(-42).
11
Let h(a) = -6*a + 38. What is h(-10)?
98
Let p(t) = -87*t**2 - 447*t - 11. Determine p(-5).
49
Let z(u) = -u**3 - 15*u**2 + 51*u + 191. Determine z(-18).
245
Let h(g) = g**3 + 18*g**2 + 379*g + 6158. Calculate h(-17).
4
Let u(f) = -105*f + 911. Calculate u(9).
-34
Let a(p) = 642*p - 3844. Determine a(6).
8
Let z(f) = -77*f - 637. Give z(-8).
-21
Let j(g) = 2*g**2 - 62*g - 389. Calculate j(36).
-29
Let d(g) = -g**3 - 25*g**2 - 68*g - 90. Determine d(-22).
-46
Let a(q) = -q**2 - 4*q + 94. Calculate a(8).
-2
Let t(a) = -7*a - 411. Calculate t(-1).
-404
Let m(o) = 96*o + 1. Calculate m(-6).
-575
Let t(x) = -523*x + 16742. Determine t(32).
6
Let x(c) = c**2 + 56*c - 479. Determine x(7).
-38
Let p(o) = -45*o - 1. Determine p(-2).
89
Let z(h) = -31*h**2 - 52*h - 97. Determine z(-2).
-117
Let l(v) = -3*v**3 + 13*v**2 + 130*v - 605. Calculate l(5).
-5
Let q(h) = 9*h**2 - 24*h + 12. Give q(8).
396
Let x(b) = -b**2 + 7*b + 187. What is x(16)?
43
Let o(i) = -22*i**2 - 84*i + 69. Determine o(-4).
53
Let q(m) = 3*m**3 + 2*m**2 - 4*m - 17. Calculate q(-4).
-161
Let o(w) = -17*w - 1493. Give o(-93).
88
Let l(g) = g**3 - 17*g**2 + 29*g + 4. Calculate l(15).
-11
Let l(z) = z**2 + 29*z - 124. Determine l(0).
-124
Let i(w) = -w**2 - 41*w + 124. Give i(-44).
-8
Let u(o) = -12*o - 524. Determine u(-46).
28
Let g(j) = -j**2 - 678*j - 4032. Calculate g(-6).
0
Let q(g) = -28*g**2 - 206*g - 359. What is q(-3)?
7
Let o(k) = -k**3 + 60*k**2 + 9*k + 20. Calculate o(60).
560
Let a(i) = -2*i**2 - 14*i - 59. Determine a(-6).
-47
Let j(m) = 4*m**2 + 50*m + 15. Determine j(-11).
-51
Let i(v) = -v - 4. Determine i(-46).
42
Let h(p) = -2*p**3 + 232*p**2 - 233*p + 338. Calculate h(115).
-7
Let z(u) = 86*u**2 - 2676*u + 296. What is z(31)?
-14
Let r(h) = h**3 - 8*h**2 - h + 13. Give r(2).
-13
Let f(a) = -84*a + 196. Give f(6).
-308
Let r(p) = 6*p - 20. Give r(19).
94
Let x(o) = -o**3 + 55*o**2 + 113*o + 89. What is x(57)?
32
Let f(w) = -2*w**2 - w + 441. Determine f(-15).
6
Let m(f) = 2*f**3 + 59*f**2 + 179*f - 95. Give m(-26).
-17
Let z(r) = 50*r + 6232. Calculate z(-120).
232
Let k(x) = -19*x**3 - 5*x**2 - 2. Determine k(2).
-174
Let b(t) = -35*t + 383. Determine b(11).
-2
Let v(n) = n**3 + 5*n**2 - 72*n - 419. What is v(-6)?
-23
Let r(m) = 90*m + 1004. What is r(-9)?
194
Let p(r) = 61*r + 1696. Determine p(-28).
-12
Let b(g) = g**3 + 7*g**2 + 59*g + 360. Give b(-7).
-53
Let x(c) = -c**3 - 6*c**2 + 90*c + 535. Give x(-9).
-32
Let i(y) = -8*y**3 + 16*y**2 - 8*y + 15. Calculate i(2).
-1
Let z(k) = -13*k**2 + 233*k - 42. Determine z(18).
-60
Let i(w) = -2*w**3 + 3*w**2 - 16*w + 46. What is i(3)?
-29
Let x(q) = 20*q**2 + 30*q - 493. What is x(-6)?
47
Let c(z) = 3640*z + 29121. Give c(-8).
1
Let c(l) = -90*l**2 - l - 1. Determine c(1).
-92
Let a(y) = 2*y**2 + 70*y + 132. What is a(-33)?
0
Let t(w) = 2*w**2 - 92*w + 332. What is t(42)?
-4
Let o(b) = -2*b**3 - 40*b**2 + 25*b - 53. Give o(-21).
304
Let t(g) = -g**3 - 13*g**2 - 30*g + 25. Determine t(-10).
25
Let s(h) = -188*h - 10341. Calculate s(-55).
-1
Let v(g) = -g**3 - 18*g**2 + 1768*g - 3. Give v(34).
-3
Let o(r) = 2*r**3 - 19*r**2 - 14*r + 11. Determine o(9).
-196
Let y(n) = n**2 + 304*n - 1521. What is y(5)?
24
Let a(y) = y**3 + 13*y**2 - 4*y - 230. What is a(-10)?
110
Let b(u) = 437*u - 890. What is b(2)?
-16
Let r(i) = -1936*i + 11591. Calculate r(6).
-25
Let y(h) = 28*h + 478. Determine y(-8).
254
Let y(x) = -2*x**2 + 28*x - 38. Determine y(11).
28
Let a(s) = -2*s**2 + 221*s + 2079. Determine a(119).
56
Let u(w) = 3*w**3 - 25*w**2 + 52*w - 21. Calculate u(5).
-11
Let h(x) = 3*x**2 + 39*x - 715. Give h(-22).
-121
Let b(f) = -f**2 - 2*f + 154. Give b(12).
-14
Let a(y) = 54*y + 4538. Determine a(-84).
2
Let l(v) = 84*v + 4623. Calculate l(-55).
3
Let b(x) = -x**2 + 39*x - 104. What is b(36)?
4
Let r(f) = 15*f**2 + 1049*f - 65. What is r(-70)?
5
Let t(p) = -5*p**2 - 12*p + 108. Determine t(-6).
0
Let o(d) = d**3 - d**2 - 12*d + 8. Calculate o(4).
8
Let b(g) = g**3 - 30*g**2 - 37*g + 17. Determine b(31).
-169
Let o(t) = 3*t**2 + 25*t - 10. What is o(-9)?
8
Let q(u) = -2*u**3 - 159*u**2 + 87*u + 483. Calculate q(-80).
-77
Let z(n) = n**3 - 66*n**2 - 3*n + 224. What is z(66)?
26
Let i(v) = v**3 - 33*v**2 - 235*v - 1804. What is i(40)?
-4
Let z(f) = 25*f + 2157. What is z(-86)?
7
Let b(p) = p**2 - 89*p + 1950. Give b(39).
0
Let l(p) = -5*p**2 + 450*p - 4007. Calculate l(10).
-7
Let i(r) = 238*r + 2156. Determine i(-12).
-700
Let t(z) = -5*z**2 + 99*z - 61. Calculate t(20).
-81
Let r(p) = -6*p**2 + 47*p - 8. Determine r(8).
-16
Let l(o) = 7*o**2 - 84*o - 26. Give l(11).
-103
Let s(h) = -27*h**2 - 32*h - 29. What is s(-1)?
-24
Let u(b) = b**2 - 84*b + 1671. Give u(51).
-12
Let v(d) = 199*d - 3373. Determine v(17).
10
Let n(r) = 2*r**2 + 27*r - 82. Calculate n(3).
17
Let g(v) = v**2 + 28*v - 104. Calculate g(-32).
24
Let m(d) = -14257*d - 3. Calculate m(0).
-3
Let p(y) = 46*y + 3717. Give p(-81).
-9
Let i(b) = -b**3 - 50*b**2 + 3602*b - 69. Calculate i(40).
11
Let p(u) = -71*u - 87. Give p(-2).
55
Let r(j) = 3*j**2 + 80*j + 410. What is r(-20)?
10
Let d(l) = l**3 - 4*l**2 - 26*l + 11. What is d(-5)?
-84
Let y(w) = -59*w - 1219. Calculate y(-21).
20
Let a(b) = -1193*b + 4766. Give a(4).
-6
Let d(b) = -b**3 + 8*b**2 + 20*b + 78. Give d(13).
-507
Let h(b) = -b**3 - 34*b**2 + 109*b - 13. What is h(-37)?
61
Let t(n) = n**3 - 3*n**2 - 4*n + 45. Calculate t(0).
45
Let c(d) = 14*d + 675. Determine c(-39).
129
Let l(v) = -4314*v + 25892. What is l(6)?
8
Let k(l) = l**2 + 46*l + 132. Calculate k(-44).
44
Let p(x) = x**2 - 31*x - 73. Determine p(35).
67
Let l(p) = p**3 + 42*p**2 + 36*p + 21. What is l(-41)?
226
Let p(x) = -2154*x - 10750. Give p(-5).
20
Let o(z) = -4*z + 56. Calculate o(14).
0
Let z(j) = -77*j**2 - 849*j - 15. What is z(-11)?
7
Let q(u) = -6*u**3 + 61*u**2 - 7*u - 28. Determine q(10).
2
Let c(g) = -7*g**3 + 470*g**2 - 13*g - 3620. What is c(67)?
-2
Let w(b) = 2*b**2 + 88*b + 309. Determine w(-40).
-11
Let b(i) = -i**3 + 202*i**2 - 5161*i + 21. What is b(30)?
-9
Let m(d) = 141*d - 1989. What is m(13)?
-156
Let l(x) = 2*x**2 - 4*x - 592. Calculate l(18).
-16
Let o(t) = -7*t**2 - 8*t + 15. Determine o(-3).
-24
Let s(i) = 573*i + 568. Give s(-1).
-5
Let z(i) = -50*i - 1371. What is z(-28)?
29
Let m(x) = -3*x**3 - 8*x**2 + 41*x + 105. Calculate m(-4).
5
Let n(y) = 2*y**2 + 53*y - 289. What is n(-25)?
-364
Let s(h) = -18*h - 48. Calculate s(14).
-300
Let q(c) = -c**3 - 55*c**2 - 65*c - 588. Determine q(-54).
6
Let f(a) = 68*a**3 + 4149*a**2 + 61*a - 16. What is f(-61)?
-16
Let v(b) = -3*b**3 - 10*b**2 + 11*b + 1. Give v(-4).
-11
Let w(r) = -32*r**3 - 3*r**2 - 8*r - 4. Calculate w(-1).
33
Let h(l) = 2*l**2 + 16*l + 32. Give h(-6).
8
Let c(x) = -3*x**2 - 324*x - 624. Determine c(-106).
12
Let s(g) = g**3 + 7*g**2 - 26*g - 174. Determine s(-5).
6
Let l(b) = 52*b - 89. What is l(3)?
67
Let p(i) = 13*i - 20. What is p(-10)